/f) composite?
False
Let y = 322 + -15. Suppose -4*s = -3*g + y, 243 = 2*g + 4*s + s. Is g prime?
True
Let f = 9926 + -3543. Is f composite?
True
Suppose -5*r - 5*o + 4465 = 0, -1796 = -r - r + 3*o. Let q = -228 + r. Is q prime?
False
Suppose 0*k - 3*k = 33. Let s = 6 + k. Let v(l) = l**3 + 9*l**2 - 3*l - 2. Is v(s) prime?
True
Let m = 0 + 3. Suppose -4*s = 0, 0 = -t - m*t + 3*s + 2680. Suppose 3*l = l + t. Is l prime?
False
Suppose 3*n = 5*r + 25849, r - 23941 - 19178 = -5*n. Is n a composite number?
False
Suppose -51844 + 223722 = 2*k. Is k a composite number?
True
Is (-7380045)/45*(-2)/6 a composite number?
False
Suppose -28*i = 3*j - 23*i - 7289, 4*i = 16. Is j prime?
True
Let p be ((-12)/3 - 2)*-1. Let b be (5 - 7)/((-2)/p). Suppose 2*z - b*z + 364 = 0. Is z a prime number?
False
Let z be (-4)/6*9/(-2). Let m be 20/(-5) + 2 + 37. Suppose -z*y - 4*b + m = -27, -2*b = 8. Is y composite?
True
Suppose 6*y + 12 - 6 = 0. Is (0 + y)*(-7 - 814) a prime number?
True
Let k(q) = -7*q + 35. Let m be k(-12). Is (-5 + m/21)*(-4722)/(-4) composite?
False
Let a(v) = -220 + 228 + 11*v + 82*v. Is a(11) a prime number?
True
Let m = 16 + -13. Is m/(-15) - 9432/(-10) a composite number?
True
Suppose -x = -5*s + 10, 3*x - 4*s - 6 = -7*s. Suppose -3*o = -3*f - o + 5149, x = -2*f + o + 3433. Is f composite?
True
Suppose 10*i = 9*i - 121. Let m = i + 206. Is m prime?
False
Let z(h) = 16*h**2 + 18*h + 169. Is z(-21) prime?
False
Suppose 2*u = 3*x + 281, -16*u + 13*u + 414 = 3*x. Is u prime?
True
Let p(d) be the third derivative of d**4/12 + d**3/3 - 3*d**2. Let x be p(0). Suppose -3*c = x*c - 265. Is c a prime number?
True
Suppose -7694 - 3126 = -4*r. Suppose 0 = -10*z + 15*z - r. Is z prime?
True
Let c = -191 - -2550. Is c a prime number?
False
Let f = -229 + 3152. Is f a composite number?
True
Suppose x - 1853 + 84 = 4*n, x = 5*n + 1773. Is x a composite number?
False
Let t = -1030 - -4892. Is t composite?
True
Let p(i) = 9956*i + 1. Is p(2) prime?
True
Suppose -60734 = -2*q + p, -p - 47284 = 4*q - 168752. Is q prime?
True
Let o = 29 - 23. Let g(p) = 5*p + 1. Is g(o) a prime number?
True
Suppose 3*n = -a + 11, 7*a = -5*n + 4*a + 21. Suppose 2*h + 127 = n*h. Is h a prime number?
True
Suppose 0 = 3*a - 3*c + 3, -3*c = -2*a - 2*c + 2. Suppose -1650 = -a*i + 909. Is i a prime number?
True
Let w(o) = o**3 - 9*o**2 + 2*o - 13. Let s be w(9). Suppose 0 = 4*m + s*h - 0 + 9, -5*h + 15 = 0. Let l(r) = -180*r - 11. Is l(m) prime?
True
Let d = 20 - 22. Is 88 + d - 0 - -3 prime?
True
Let p = -52 - -24. Let u be 0 - p/8*4. Is (u/(-4))/((-3)/6) prime?
True
Suppose 3*b + 0*b = a + 23600, -2*b = -4*a - 15730. Is b a prime number?
True
Let b = 1348 + -2046. Let y = b + 2836. Is y a prime number?
False
Let f(j) = j + 7. Let i be 5*6*2/(-15). Let b be f(i). Suppose 0*r + 83 = b*n + 5*r, 6 = -3*r. Is n composite?
False
Let j(l) = 57*l**3 - 2*l**2 + 28*l - 89. Is j(6) prime?
False
Suppose 0 = -2*m + 7*m. Suppose 4 = p - m*p. Suppose 4*o - 1482 = 6*v - p*v, 5*o = -2*v + 1875. Is o prime?
True
Let m = 577 - 223. Suppose -5*i + 21 = 4*n, -3*n + 16 = -22*i + 26*i. Suppose -2*y + m = n*y. Is y a composite number?
False
Let a = 9117 - 2274. Is a a composite number?
True
Let v = -32 + 60. Suppose 0*a = -2*a - 5*t + 28, 2*a = 4*t + v. Is a composite?
True
Let s be -3*3/(-27)*(1 + 5). Let c be 1 + -1 + -1 - -6. Suppose -s*k + 891 = c*p + 277, -3*p - k + 368 = 0. Is p a prime number?
False
Suppose 1290*b - 98215 = 1285*b. Is b a composite number?
True
Suppose -2*y = 57 - 67. Suppose c - 185 = y*n + 281, 2*c = -n + 943. Is c a prime number?
False
Suppose 0 = 3*k - 2*o - 10783, -4*o = -9*k + 4*k + 17973. Is k prime?
True
Let n be (-1 - -19)/3*(-1992)/(-16). Suppose 0*z - 3*z + n = 0. Is z prime?
False
Suppose 2*h - 5*w - 14 = -2*w, 3*h - 6 = -3*w. Suppose o = 5*o - 16. Suppose -o*q + 4 = h*p - 4, 5*q = 5*p - 60. Is p composite?
False
Let z(r) = -2*r**2 + 9*r + 9. Let d be z(5). Let p be -1*(-8 + 0) - -2. Suppose f + d*c - p = 0, 0*f + 4*c = -2*f + 16. Is f composite?
True
Is (746/4)/((-26)/(-52)) composite?
False
Let d be -6368*1*7/2. Is 1/(-5) - d/40 a prime number?
True
Let d(f) = f**2 + f - 1. Let n(s) = s**2 + 12*s - 19. Let u(y) = 2*d(y) + n(y). Is u(-14) a prime number?
False
Let k = -7 + 7. Suppose k*t - 6 = -t. Is (62/t)/(1/15) composite?
True
Let u(z) = 291*z + 79. Is u(12) a prime number?
True
Suppose 0 = -3*c - 2*t + 37, -2*c + 5*t = 4*t - 13. Suppose -x + 11 = c. Is (0 + 1/x)*254 a composite number?
False
Suppose -r = -w + 1, 4*r - w + 9 = -4. Let x be 4 - -116*r/(-4). Suppose -3*k - x + 342 = 0. Is k a prime number?
False
Let f(p) = -p**2 + 7*p - 8. Let y be f(7). Let n = y + 8. Suppose -g + n*g = -187. Is g a composite number?
True
Suppose -12*d = -10*d + 22. Is 1833/143 + (-2)/d composite?
False
Let k(l) be the second derivative of 131*l**3/3 + 11*l**2 - 9*l. Let i be k(7). Is 1/(-3) + i/24 prime?
False
Let x(b) = b**2 + 2*b - 1. Let g be x(-2). Is (6/4)/(g/(-2)) a composite number?
False
Let y(t) = 19*t**2 - 38*t + 91. Is y(38) composite?
False
Let u(g) = 4369*g**2 + 2*g + 2. Is u(-1) composite?
True
Let r be 8 - 0*3/(-9). Let s(z) = -3*z**3 - 14*z**2 - 11*z - 27. Let t(o) = 2*o**3 + 7*o**2 + 5*o + 14. Let f(l) = -3*s(l) - 5*t(l). Is f(r) a prime number?
True
Suppose 42*b + 161043 = 496749. Is b prime?
True
Suppose -4*h = 5*z - 292, 76 + 94 = 3*z + 5*h. Let f be ((-2)/(-8))/(3/z). Is 172/f - (-4)/(-10) prime?
False
Let l = 1993 - 210. Is l a prime number?
True
Let o(w) be the third derivative of -31*w**4/24 - 10*w**3 + 31*w**2. Is o(-19) prime?
False
Suppose -2*g + 4*r = -39878, -4*g + 79747 = 114*r - 113*r. Is g prime?
True
Let k = 34 - 13. Is k a composite number?
True
Suppose -6*p + 3*p + 1053 = -4*c, c = 4*p - 1417. Is p prime?
False
Suppose -3*r + 12 = -15. Let i(y) = -y**3 + 9*y**2 + y - 6. Let f be i(r). Suppose q + f - 10 = 0. Is q a prime number?
True
Suppose -4*o = 4*h - 608, 3*h = o - 2*o + 460. Let w = h + 667. Is w prime?
True
Is 160/80 + 36078/2 a prime number?
True
Suppose 0 = 5*v - 5*t - 406100, -22*v - 3*t + 81232 = -21*v. Is v prime?
True
Let l = 143 + -346. Let t = 606 - l. Is t composite?
False
Is (3/2)/(63/462630) composite?
True
Is 4/56*4*14126/2 prime?
False
Let g = -2581 + 5447. Is g a composite number?
True
Suppose -5*p + 1160 + 9735 = 0. Is p composite?
False
Let q(a) = -2 + 1087*a - 2 + 1. Is q(2) a prime number?
False
Is (3 - 1/(-2))/((-1)/(-3386)) prime?
False
Let v = 33 + -27. Let c(z) = z**3 - 2*z - 5. Is c(v) a composite number?
False
Let i(j) = j**2 + 2*j - 1. Let u be i(-7). Suppose 0 = -4*b - 6 + u. Suppose -2*k = -l + 222, b*k = 3*k - 16. Is l a prime number?
False
Let w = -1072 - -2013. Let s = w - -324. Suppose s = 6*m - 1. Is m prime?
True
Let y(o) = -3*o - 12. Let a(m) = -5*m**3 + m**2 - 1. Let z be a(1). Let p be y(z). Suppose -u + 5*g + 303 = 0, 3*u + 299 = 4*u - p*g. Is u prime?
True
Let i(m) = -m**3 + 12*m**2 - 11*m + 9. Let y be i(11). Let j = 4421 - 3122. Is j/y - (-8)/12 a prime number?
False
Let n = 29204 + -10103. Is n a prime number?
False
Is 2*(-4)/(8/(-1983)) composite?
True
Let v(g) = -g**2. Let k be v(1). Let u be (-9)/(k*3/(-9)). Let i = u + 96. Is i prime?
False
Let f be 3/15 - 124/20. Let h be (-8)/48 - 565/f. Suppose 0*c = 2*c - h. Is c composite?
False
Suppose -10*l - 9 + 329 = 0. Let c = l + 35. Is c a composite number?
False
Suppose y = -2*n + 3, 3*y - 6*y = -3*n - 36. Suppose -13*g + 388 = -y*g. Is g prime?
True
Suppose 5*y = 14 + 6. Let z = 4 - y. Suppose 2*u - 356 = -z*u. Is u a composite number?
True
Let m(w) = 2*w - 1. Let l be m(3). Let k = 630 + 50. Suppose k = l*z - 330. Is z composite?
True
Let p = -12 - -15. Suppose -p*v + 492 = 3*v. Is v a composite number?
True
Suppose -20 = -5*o - 0*o. Let v be 2 - -183 - (o + -4). Suppose -7*k = -2*k - v. Is k prime?
True
Suppose -4*s - 3*o + 7 = 0, 3*s - 9 = o - 2*o. Suppose 5538 = 2*t - s*g, -7*g - 2761 = -t - 3*g. Is t composite?
False
Suppose 3*g = 13753 + 500. Is g composite?
False
Let x(z) be the third derivative of -31*z**6/15 + z**5/30 - z**3/6 - 3*z**2. Let a be x(-1). Suppose 5*k = -4*v - 0*v + a, 2*k - 3*v = 95. Is k a prime number?
False
Let u = 85 - 787. Is -5 + 1 + 2/((-4)/u) a prime number?
True
Let y(l) = l**2 + 6*l + 7. Let h be y(-5). Let s = h + 2. 